is the tens digit of x?
3
Let q = 14 - 18. Let o be (2/q)/((-3)/(-12)). What is the tens digit of 92/3 - o/6?
3
Suppose -20 = -q + 6*q. Let m be 708/30 - q/10. Let l = m + -10. What is the units digit of l?
4
Suppose -4*x - 2 = 4*y + 6, x = -4*y + 7. Let h = 72 + -50. Suppose -y*f + f = -h. What is the tens digit of f?
1
Let a(i) = i**3 + 11*i**2 + 15*i - 21. Let k be a(-9). Let s(t) = -2*t - 7. Let v be s(-5). What is the tens digit of (k - 1)/(v/9)?
1
Let v be -66*5/(-1) + 0. Let m = v + -189. What is the tens digit of m?
4
Suppose 5*f + 32 = 3*j, -4*j = -j + f - 8. Let m be -3 + (-4)/(-12)*9. Suppose -g + j*l + 6 + 0 = m, -g = -3*l - 5. What is the units digit of g?
2
Let x(k) = -k**2 + 6*k - 3. Suppose 6*u - 2*u = 8. Let z be x(u). Suppose -230 = z*j - 10*j - 4*m, 0 = 2*m - 10. What is the tens digit of j?
4
Suppose 0 = -2*p - 4*z + 320 + 316, -3*z = -3*p + 990. What is the hundreds digit of p?
3
Suppose 3*x = 4*x - 906. Suppose -9*l + x = -6*l - 2*n, l - 5*n - 302 = 0. What is the tens digit of l?
0
Suppose 17 = -4*o - 7. Let b be (-134)/o - (-8)/12. Let q = -20 + b. What is the units digit of q?
3
Let o = -43 - -40. What is the tens digit of -33*(o - 0/(-1))?
9
Let d(w) = w**3 - 2*w**2 - 5*w - 4. Suppose -5*s + 19 = -4*s. Suppose -54 + s = -7*c. What is the tens digit of d(c)?
4
Let h = -31 - -61. What is the units digit of ((-244)/(-10))/(6/h)?
2
Let y(g) = -3*g - 5. Let h be y(4). Let n = -12 - h. Suppose 0 = -2*b + 9 + n. What is the units digit of b?
7
Suppose -6*l + 9*l = 3*x + 33, -27 = -5*l - 2*x. Suppose l*u = -6*u + 78. What is the units digit of u?
6
Let g(z) be the first derivative of 8*z**2 + z - 5. Let u be g(3). Suppose -u - 21 = -2*f. What is the tens digit of f?
3
Let w(y) = -y**2 - 8*y + 4. Let m be w(-8). Suppose 78 = -m*z - 134. Let p = z - -88. What is the units digit of p?
5
Suppose -b + 5*s = -27, s + 54 = b + 19. Suppose -124 = -3*k - 5*o, 3*o + 71 + b = 3*k. What is the units digit of k?
8
Suppose -476 - 2295 = -2*l - 5*n, 1 = n. What is the thousands digit of l?
1
Let g(x) = -x**3 - 11*x**2 + 5*x + 6. Let f(r) = -2*r**3 - 21*r**2 + 11*r + 12. Let b(h) = 3*f(h) - 5*g(h). What is the tens digit of b(-9)?
1
Let q(y) = 17*y**3 - 2*y**2 + 4*y. What is the units digit of q(3)?
3
Let k = -523 + 883. What is the tens digit of k?
6
Suppose 24 = -0*l + l. Suppose 4*c - 2*k = 2, c - 5*k = -3*c - 13. Suppose c*y + l = 6*y. What is the units digit of y?
8
Let s = -23 + 29. Suppose 0 = v - s*v + 215. What is the tens digit of v?
4
What is the hundreds digit of 6/((-158)/320 - 3/(-6))?
9
Let t(q) = -q. Let m be t(1). What is the tens digit of (-129)/(0 - 1) + m + 1?
2
Let b = -12 + 260. Let c = 351 - b. What is the hundreds digit of c?
1
Suppose -31349 = -10*d - 19*d. What is the units digit of d?
1
Suppose 4*g - 5*g = -2570. What is the hundreds digit of g?
5
Let j = 66 - 101. Let t(k) = k + 1. Let p be t(-4). What is the tens digit of j/p + (-2)/(-6)?
1
Let v = -146 + 354. What is the units digit of v?
8
Suppose 40*b = 37468 + 48572. What is the hundreds digit of b?
1
Suppose -4*r - 56 = -2*h + 8, 3*h = -2*r + 136. Let a = -39 + h. What is the units digit of a?
3
Let a(h) = -14*h + 3. Let b be a(2). Let r = b + 11. Let w = 33 + r. What is the units digit of w?
9
Let x(z) = -297*z - 53. What is the units digit of x(-4)?
5
Suppose -15 = -33*n + 30*n. Suppose n*g - 803 = 2*p - 0*p, g - 166 = -5*p. What is the tens digit of g?
6
Suppose 4*m + 0*m + 315 = 5*k, 3*k = -m + 206. Suppose 0 = t - 169 + k. What is the units digit of t?
2
Let o(t) = 2*t - 21. Let z be o(11). Let h be z/9 + 10/(-90). Suppose -3*u + h*u - 4*v = -34, -5*u + 75 = 3*v. What is the units digit of u?
8
Let z(u) = -6*u - 8. Let t be z(-3). What is the tens digit of ((-8)/t)/((-1)/45)?
3
Suppose 8*d = d + 14. Suppose w = d + 1. Let l(n) = 6*n + 2. What is the units digit of l(w)?
0
Let t = -453 - -672. What is the units digit of t?
9
Let t(p) = -p**3 - 2*p**2 - 13*p - 7. Let a be t(-6). Let d = -138 + a. Let c = d + -41. What is the tens digit of c?
3
Let d(z) = -z**3 - 20*z**2 - 2*z + 40. What is the tens digit of d(-21)?
2
Let i(k) = k**3 - 23*k**2 + 64*k + 116. What is the thousands digit of i(26)?
3
Let g = 2620 - 332. Suppose -608 = -4*t - g. What is the units digit of t/(-8) - 3/6?
2
What is the units digit of -3 - (9 - (-5 + 2062))?
5
Suppose 4*z + 117 - 377 = 0. Let v(y) = 4 + z*y + 9 - 66*y. What is the units digit of v(-14)?
7
Let j = -11 + -94. Let o = j + 174. What is the units digit of o?
9
Let k(l) = 5*l**2 - l**3 + 6*l**2 + 2 - 4*l**2 - 2*l. What is the tens digit of k(4)?
4
Let i = 1073 + -347. What is the units digit of i?
6
What is the units digit of ((-88312)/21)/(20/(-30))?
8
Suppose -4*h + 3*h + 3*r + 214 = 0, -3*h - 2*r = -675. What is the hundreds digit of h?
2
Suppose -4*c + 1760 = -924. What is the hundreds digit of c?
6
Let q(z) = -z - 8. Let t be q(-11). Suppose 2*u + t*o - 35 = -2*o, -3*o = 9. What is the units digit of u?
5
What is the tens digit of (7406/(-21) + 2)*(-120)/16?
3
Let c(m) = -m**3 - 6*m**2 + 2*m - 3. Suppose d + 5*d = -36. Let x be c(d). What is the units digit of (-3)/(-5)*x/(-3)?
3
Let r(l) = l**3 - 12*l**2 + 13*l - 14. Let o be (1/4)/((-2)/(-88)). Let a be r(o). Suppose a*p = 10*p - 12. What is the units digit of p?
6
Suppose 51*s - 2783 = 1705. What is the units digit of s?
8
Suppose -5*n + 1405 = 5*l, -l + 80 = 2*n - 487. What is the units digit of n?
6
Let b = 103 + -107. What is the hundreds digit of 1 + (b/2 - -209)?
2
Let w(m) = -63*m**3 + 5*m**2 + 3*m - 1. What is the thousands digit of w(-3)?
1
What is the hundreds digit of 36/(-30) + 1 + 60366/30?
0
Suppose 39 = 3*g - 0*g. Let j = 22 - 26. What is the units digit of ((-4)/j)/(1/g)?
3
Suppose 14*i = 3724 + 392. What is the hundreds digit of i?
2
Suppose -5*t + 8235 = 1750. What is the hundreds digit of t?
2
Let b(k) = -k**2 + 11*k - 12. Let a be b(8). Let g(w) = w**3 - 11*w**2 - 12*w + 17. Let s be g(a). Let o = 34 - s. What is the tens digit of o?
1
Suppose 2*d - 50 - 6 = 0. Suppose -d = -4*x + h + 3*h, 0 = -3*x + 4*h + 24. Suppose -f + 3*f = -x*a + 32, 4*f + 3*a = 59. What is the tens digit of f?
1
Let s be ((-3)/(-9) + 0)*33. Suppose -s = -c + 20. Let r = c - 12. What is the units digit of r?
9
Suppose 27 = 5*b + 7, -5*q - 10 = -5*b. Suppose -208 = -q*l + 72. What is the units digit of l?
0
What is the units digit of 4 + 3 + (1202 - -13)?
2
Suppose -r - 48 = -2*r + i, i = -2*r + 111. Let z = r - 19. What is the units digit of z?
4
Suppose 0*v + 2*v = -5*o + 1771, 1762 = 5*o - v. Suppose 7*k = -3*z + 2*k + o, 0 = -4*k - 20. What is the hundreds digit of z?
1
Let y be 1704 + (-1 - (1 - -1)). Suppose -7*t - 2*t + y = 0. What is the hundreds digit of t?
1
Let o(a) be the first derivative of 0*a**3 + 0*a + 1/2*a**2 - 9/2*a**4 - 8. What is the units digit of o(-1)?
7
Suppose l + h = -10, -l + 6*h = 3*h - 10. Let z = l - -8. Suppose -162 = -z*q - 54. What is the tens digit of q?
3
Suppose 3*a + 3601 = 74*w - 72*w, 0 = -4*w + a + 7207. What is the tens digit of w?
0
Suppose -5*g - 5 - 5 = 3*p, -15 = -g - 4*p. Let r(s) = -s**2 - 6*s. Let m be r(g). Suppose -m*n + 144 = -26. What is the tens digit of n?
3
Suppose 0 = 4*q + d + d + 70, 3*q + 51 = -3*d. What is the hundreds digit of ((-370)/(-15))/((-4)/q)?
1
Suppose -3*l + 1031 = 2*p - 471, 4*l + 4*p = 2008. Let b = -332 + l. What is the hundreds digit of b?
1
Let o = 13 - 8. Suppose -3*y - 12 = o*d - 5*y, -5*d = y + 9. Let j(i) = i**2 + i - 1. What is the units digit of j(d)?
1
Let i = 4 + -9. Let y(l) = 19*l**3 - 3*l**2 - 2*l + 1. Let c be y(i). What is the units digit of (-2)/(-7) + c/(-63)?
9
Let f(o) = o**3 - 9*o**2 - 6*o + 173. What is the hundreds digit of f(10)?
2
Let s be (-1)/6 + (-11)/6. Let g(h) = -22*h**3 - 2*h**2 - 6*h - 4. What is the hundreds digit of g(s)?
1
Let r(q) = -q + 7. Let n be r(5). Let c be 2 + n + 1 + -1. What is the tens digit of c/(-10) - (-670)/50?
1
Suppose 0 = 77*u - 78*u - 3*r + 3720, -5*u - 4*r + 18567 = 0. What is the thousands digit of u?
3
Let o(y) = y**3 + 22*y**2 - 57*y - 49. What is the tens digit of o(-24)?
6
Let d(f) = f**3 - 13*f**2 + 11*f - 17. Let p be d(12). Let b = 59 + p. What is the units digit of b/9*108/30?
2
Let f = -774 - -3938. What is the units digit of f?
